09.
7, 14887
What are the prime factors of 2526136?
2, 23, 13729
List the prime factors of 3590656.
2, 7013
What are the prime factors of 1491296?
2, 29, 1607
List the prime factors of 3479271.
3, 17, 4013
List the prime factors of 79550.
2, 5, 37, 43
List the prime factors of 18389181.
3, 797, 7691
What are the prime factors of 27437?
27437
List the prime factors of 9317109.
3, 3105703
List the prime factors of 566255.
5, 109, 1039
List the prime factors of 163522.
2, 81761
What are the prime factors of 626067?
3, 13, 5351
List the prime factors of 11194807.
13, 861139
What are the prime factors of 15482680?
2, 5, 23, 16829
List the prime factors of 798517.
798517
What are the prime factors of 687608?
2, 23, 37, 101
What are the prime factors of 286110?
2, 3, 5, 11, 17
What are the prime factors of 481908?
2, 3, 7, 5737
List the prime factors of 255944.
2, 13, 23, 107
What are the prime factors of 47393?
83, 571
What are the prime factors of 3710914?
2, 1855457
List the prime factors of 91956.
2, 3, 79, 97
List the prime factors of 4465900.
2, 5, 17, 37, 71
What are the prime factors of 519720?
2, 3, 5, 61, 71
What are the prime factors of 2209130?
2, 5, 7, 11, 19, 151
List the prime factors of 3214768.
2, 17, 53, 223
What are the prime factors of 347427?
3, 38603
What are the prime factors of 36293301?
3, 11, 366599
What are the prime factors of 1049180?
2, 5, 11, 19, 251
List the prime factors of 13405372.
2, 3351343
What are the prime factors of 3225?
3, 5, 43
List the prime factors of 589767.
3, 73, 2693
What are the prime factors of 1944357?
3, 648119
What are the prime factors of 723145?
5, 144629
List the prime factors of 234516.
2, 3, 19543
What are the prime factors of 18250398?
2, 3, 37, 67, 409
List the prime factors of 123965.
5, 24793
What are the prime factors of 223520?
2, 5, 11, 127
What are the prime factors of 4199381?
181, 23201
What are the prime factors of 432513?
3, 83, 193
What are the prime factors of 20230733?
2879, 7027
List the prime factors of 13504486.
2, 739, 9137
List the prime factors of 2192783.
2192783
What are the prime factors of 825246?
2, 3, 19, 127
List the prime factors of 18080071.
1087, 16633
What are the prime factors of 2299004?
2, 29, 19819
List the prime factors of 1194264.
2, 3, 19, 97
What are the prime factors of 2693781?
3, 29, 10321
List the prime factors of 922018.
2, 461009
List the prime factors of 4619660.
2, 5, 19, 12157
What are the prime factors of 458475?
3, 5, 6113
List the prime factors of 2483948.
2, 103, 6029
What are the prime factors of 3328849?
3328849
List the prime factors of 3028388.
2, 11, 6257
List the prime factors of 1563263.
13, 19, 6329
List the prime factors of 12252952.
2, 1531619
List the prime factors of 382722.
2, 3, 227, 281
List the prime factors of 1635965.
5, 327193
List the prime factors of 347810.
2, 5, 34781
What are the prime factors of 5068242?
2, 3, 271, 1039
List the prime factors of 3884711.
439, 8849
List the prime factors of 15212593.
11, 1063, 1301
What are the prime factors of 11706947?
7, 1672421
List the prime factors of 2112689.
41, 227
List the prime factors of 7533968.
2, 13, 29, 1249
List the prime factors of 8389583.
19, 441557
What are the prime factors of 5450621?
11, 495511
What are the prime factors of 942228?
2, 3, 7, 3739
List the prime factors of 2366047.
827, 2861
List the prime factors of 7012578.
2, 3, 1168763
What are the prime factors of 102761?
102761
List the prime factors of 482927.
79, 6113
List the prime factors of 7769377.
7, 11, 23, 41, 107
List the prime factors of 1245943.
1245943
What are the prime factors of 538013?
7, 151, 509
List the prime factors of 206621.
367, 563
What are the prime factors of 859934?
2, 41, 10487
List the prime factors of 4705946.
2, 7, 29, 67, 173
What are the prime factors of 214608?
2, 3, 17, 263
What are the prime factors of 6866692?
2, 7, 431, 569
List the prime factors of 573278.
2, 37, 61, 127
What are the prime factors of 1079612?
2, 29, 41, 227
List the prime factors of 7209802.
2, 17, 53, 4001
What are the prime factors of 2571927?
3, 857309
List the prime factors of 8006327.
7, 131, 8731
List the prime factors of 645413.
541, 1193
What are the prime factors of 34026?
2, 3, 53, 107
What are the prime factors of 1468872?
2, 3, 23, 887
List the prime factors of 234250.
2, 5, 937
List the prime factors of 585211.
11, 53201
List the prime factors of 13168591.
17, 673, 1151
List the prime factors of 650070.
2, 3, 5, 31, 233
What are the prime factors of 895110?
2, 3, 5, 29837
What are the prime factors of 1790163?
3, 443, 449
List the prime factors of 5542520.
2, 5, 138563
List the prime factors of 9441392.
2, 17, 103, 337
List the prime factors of 10863241.
479, 22679
What are the prime factors of 187486?
2, 13, 7211
List the prime factors of 1237346.
2, 11, 5113
List the prime factors of 20967186.
2, 3, 3494531
What are the prime factors of 1603230?
2, 3, 5, 53441
What are the prime factors of 868304?
2, 54269
What are the prime factors of 757702?
2, 11, 31, 101
List the prime factors of 741668.
2, 157, 1181
List the prime factors of 29900520.
2, 3, 5, 13, 6389
List the prime factors of 93183.
3, 89, 349
What are the prime factors of 386600?
2, 5, 1933
List the prime factors of 190982.
2, 11, 8681
List the prime factors of 489533.
11, 191, 233
What are the prime factors of 8451236?
2, 1181, 1789
What are the prime factors of 1196452?
2, 299113
What are the prime factors of 432609?
3, 144203
List the prime factors of 1888736.
2, 59023
What are the prime factors of 15331071?
3, 7, 47, 317
List the prime factors of 275367.
3, 19, 4831
What are the prime factors of 1667010?
2, 3, 5, 181, 307
List the prime factors of 3968198.
2, 13, 152623
List the prime factors of 6354964.
2, 7, 11, 47, 439
List the prime factors of 740893.
740893
List the prime factors of 9304886.
2, 397, 11719
What are the prime factors of 397484?
2, 99371
List the prime factors of 107684.
2, 26921
What are the prime factors of 159779?
159779
What are the prime factors of 441530?
2, 5, 67, 659
What are the prime factors of 3419126?
2, 19, 89977
List the prime factors of 3536560.
2, 5, 44207
What are the prime factors of 1071468?
2, 3, 3307
List the prime factors of 3928715.
5, 7, 112249
What are the prime factors of 1467064?
2, 183383
List the prime factors of 2272251.
3, 757417
What are the prime factors of 13666893?
3, 4555631
What are the prime factors of 26631?
3, 11, 269
What are the prime factors of 409053?
3, 136351
List the prime factors of 2059807.
2059807
What are the prime factors of 539423?
37, 61, 239
List the prime factors of 895869.
3, 13, 19, 31
List the prime factors of 86248.
2, 10781
What are the prime factors of 4178125?
5, 7, 191
What are the prime factors of 328082?
2, 41, 4001
What are the prime factors of 1479899?
29, 51031
What are the prime factors of 5031467?
7, 14669
List the prime factors of 1470823.
17, 241, 359
List the prime factors of 103277.
139, 743
What are the prime factors of 6772022?
2, 29, 53, 2203
What are the prime factors of 488508?
2, 3, 40709
What are the prime factors of 290657?
290657
List the prime factors of 1203982.
2, 13, 46307
What are the prime factors of 9238144?
2, 72173
List the prime factors of 207882.
2, 3, 11549
What are the prime factors of 49701?
3, 16567
What are the prime factors of 331019?
13, 25463
List the prime factors of 110988.
2, 3, 3083
List the prime factors of 4740511.
4740511
What are the prime factors of 11042668?
2, 7, 13, 23, 1319
What are the prime factors of 740187?
3, 7, 31, 379
What are the prime factors of 5645599?
43, 131293
What are the prime factors of 598188?
2, 3, 79, 631
List the prime factors of 8884141.
7, 23, 7883
List the prime factors of 29087.
17, 29, 59
List the prime factors of 59364.
2, 3, 17, 97
What are the prime factors of 15406691?
15406691
What are the prime factors of 331145?
5, 103, 643
List the prime factors of 10164866.
2, 5082433
List the prime factors of 7845973.
89, 199, 443
List the prime factors of 7658297.
37, 263, 787
List the prime factors of 258959.
258959
List the prime factors of 1869838.
2, 934919
What are the prime factors of 11137827?
3, 29, 128021
What are the prime factors of 282114?
2, 3, 7, 2239
